{"id":1654,"date":"2021-07-04T19:42:41","date_gmt":"2021-07-04T22:42:41","guid":{"rendered":"https:\/\/plantamadrerosario.com\/tienda\/?post_type=product&#038;p=1654"},"modified":"2025-12-05T12:10:08","modified_gmt":"2025-12-05T15:10:08","slug":"aralia-arboricora-variegada","status":"publish","type":"product","link":"https:\/\/plantamadrerosario.com\/tienda\/producto\/aralia-arboricora-variegada\/","title":{"rendered":"Aralia Arboricora Variegada Baby"},"content":{"rendered":"<p>Ubicarla m\u00e1s pr\u00f3xima a una ventana, pero sin sol directo en verano. Si est\u00e1 perdiendo hojas, salen demasiado peque\u00f1as o el variegado amarillo es menor,\u00a0 ser\u00eda bueno acercarla a una ventana, quiz\u00e1s as\u00ed se recupere. Mantenerla en una temperatura moderadamente fresca (de 12 a 25\u00b0C) y libre de corrientes de aire en lo posible.<\/p>\n<p>En climas sin heladas o muy ligeras (- 2\u00baC pocas horas) puede vivir todo el a\u00f1o al aire libre. De hecho, se usa en terraza o jard\u00edn con sombra y a veces da mejor resultado que dentro de casa. En invierno, en climas fr\u00edos, es mejor tenerla adentro.<\/p>\n<p>Agradece una humedad alta en el aire (crece m\u00e1s y tiene mejor color), pero soporta la sequedad.<br \/>\nEs conveniente rociarla de vez, sobre todo en verano y si hay calefacci\u00f3n en invierno.<\/p>\n","protected":false},"excerpt":{"rendered":"<p><strong>Envase <\/strong>Maceta Soplada 3lts<\/p>\n<p><strong>Altura Aproximada <\/strong>50cm<\/p>\n<p><strong>Importante Saber<\/strong>: Como las plantas son productos naturales, la forma, el tama\u00f1o y el color pueden variar.<\/p>\n","protected":false},"featured_media":7928,"template":"","meta":{"_acf_changed":false},"product_brand":[],"product_cat":[21],"product_tag":[],"class_list":{"0":"post-1654","1":"product","2":"type-product","3":"status-publish","4":"has-post-thumbnail","6":"product_cat-interior","8":"first","9":"outofstock","10":"taxable","11":"shipping-taxable","12":"purchasable","13":"product-type-simple"},"acf":[],"_links":{"self":[{"href":"https:\/\/plantamadrerosario.com\/tienda\/wp-json\/wp\/v2\/product\/1654","targetHints":{"allow":["GET"]}}],"collection":[{"href":"https:\/\/plantamadrerosario.com\/tienda\/wp-json\/wp\/v2\/product"}],"about":[{"href":"https:\/\/plantamadrerosario.com\/tienda\/wp-json\/wp\/v2\/types\/product"}],"wp:featuredmedia":[{"embeddable":true,"href":"https:\/\/plantamadrerosario.com\/tienda\/wp-json\/wp\/v2\/media\/7928"}],"wp:attachment":[{"href":"https:\/\/plantamadrerosario.com\/tienda\/wp-json\/wp\/v2\/media?parent=1654"}],"wp:term":[{"taxonomy":"product_brand","embeddable":true,"href":"https:\/\/plantamadrerosario.com\/tienda\/wp-json\/wp\/v2\/product_brand?post=1654"},{"taxonomy":"product_cat","embeddable":true,"href":"https:\/\/plantamadrerosario.com\/tienda\/wp-json\/wp\/v2\/product_cat?post=1654"},{"taxonomy":"product_tag","embeddable":true,"href":"https:\/\/plantamadrerosario.com\/tienda\/wp-json\/wp\/v2\/product_tag?post=1654"}],"curies":[{"name":"wp","href":"https:\/\/api.w.org\/{rel}","templated":true}]}}