{"id":5810,"date":"2023-03-29T01:40:24","date_gmt":"2023-03-29T04:40:24","guid":{"rendered":"https:\/\/plantamadrerosario.com\/tienda\/?post_type=product&#038;p=5810"},"modified":"2025-09-02T16:30:39","modified_gmt":"2025-09-02T19:30:39","slug":"sansevieria-zeylanica-mediana","status":"publish","type":"product","link":"https:\/\/plantamadrerosario.com\/tienda\/producto\/sansevieria-zeylanica-mediana\/","title":{"rendered":"\u00a1El toque moderno y minimalista que tu hogar necesita con la Sansevieria Zeylanica Premium! \ud83c\udf3f\ud83d\udc9a"},"content":{"rendered":"<p>Conocida tambi\u00e9n como lengua de suegra, la Sansevieria Zeylanica es la compa\u00f1era ideal para quienes buscan una planta fuerte, con poca necesidad de cuidado y un estilo moderno. Sus hojas, altas y afiladas, con sus dibujos \u00fanicos, se adaptan a cualquier rinc\u00f3n, d\u00e1ndole a tu espacio una atm\u00f3sfera de calma y sofisticaci\u00f3n. \u2728<\/p>\n<p>Cuidados y consejos<br \/>\n* Luz: \u2600\ufe0f Amante de la luz indirecta, la Sansevieria se siente c\u00f3moda en casi cualquier rinc\u00f3n de tu casa. Puede vivir incluso con poca luz, pero su crecimiento ser\u00e1 m\u00e1s lento.<br \/>\n* Riego: \ud83d\udca7 La clave para mantenerla feliz es el poco riego. Dej\u00e1 que el sustrato se seque por completo antes de volver a regar. El exceso de agua es su mayor amenaza.<br \/>\n* Humedad: \ud83d\udca7 No le gusta la humedad, as\u00ed que no es necesario rociarla con agua.<\/p>\n<p>\u00bfEs una planta purificadora y amiga de mis mascotas?<br \/>\n\u00a1S\u00ed! La Sansevieria es una verdadera hero\u00edna para el aire de tu hogar. De acuerdo con el estudio de la NASA, es una planta purificadora que ayuda a eliminar toxinas como el formaldeh\u00eddo y el benceno, mejorando la calidad del ambiente. Adem\u00e1s, produce ox\u00edgeno durante la noche, lo que la hace ideal para tu dormitorio. \ud83c\udf2c\ufe0f<\/p>\n<p>Respecto a nuestras mascotas, ten\u00e9 cuidado. La Sansevieria es una planta t\u00f3xica para perros, gatos y otros animales si la ingieren. Sus hojas contienen saponinas que podr\u00edan causarles malestar gastrointestinal. Por eso, es mejor ubicarla en un lugar fuera del alcance de tus amigxs de cuatro patas. \ud83d\udc3e<\/p>\n<p>Fuentes de informaci\u00f3n:<br \/>\n* Plantas purificadoras del aire: NASA Clean Air Study.<br \/>\n* Toxicidad para mascotas: American Society for the Prevention of Cruelty to Animals (ASPCA).<\/p>\n","protected":false},"excerpt":{"rendered":"<p><strong>Envase<\/strong><\/p>\n<p>Maceta Paris Blanca N\u00b016. Incluye plato.<\/p>\n<p><strong>Altura Aproximada <\/strong>60cm<\/p>\n<p><strong>importante Saber<\/strong>: Como las plantas son productos naturales, la forma, el patron y el color pueden variar.<\/p>\n","protected":false},"featured_media":8525,"template":"","meta":{"_acf_changed":false},"product_brand":[80],"product_cat":[21,76,72,74],"product_tag":[],"class_list":{"0":"post-5810","1":"product","2":"type-product","3":"status-publish","4":"has-post-thumbnail","6":"product_brand-yuca-plantasdeinterior-decoracionconplantas-hogarverde-plantastoxicasparamascotas-cuidadosplantas-plantasparaprincipiantes-jardineriaencasa-plantaspurificadoras","7":"product_cat-interior","8":"product_cat-combos-de-plantas-unicos","9":"product_cat-plantas-de-bajo-mantenimiento","10":"product_cat-plantas-purificadoras","12":"first","13":"instock","14":"taxable","15":"shipping-taxable","16":"purchasable","17":"product-type-simple"},"acf":[],"_links":{"self":[{"href":"https:\/\/plantamadrerosario.com\/tienda\/wp-json\/wp\/v2\/product\/5810","targetHints":{"allow":["GET"]}}],"collection":[{"href":"https:\/\/plantamadrerosario.com\/tienda\/wp-json\/wp\/v2\/product"}],"about":[{"href":"https:\/\/plantamadrerosario.com\/tienda\/wp-json\/wp\/v2\/types\/product"}],"wp:featuredmedia":[{"embeddable":true,"href":"https:\/\/plantamadrerosario.com\/tienda\/wp-json\/wp\/v2\/media\/8525"}],"wp:attachment":[{"href":"https:\/\/plantamadrerosario.com\/tienda\/wp-json\/wp\/v2\/media?parent=5810"}],"wp:term":[{"taxonomy":"product_brand","embeddable":true,"href":"https:\/\/plantamadrerosario.com\/tienda\/wp-json\/wp\/v2\/product_brand?post=5810"},{"taxonomy":"product_cat","embeddable":true,"href":"https:\/\/plantamadrerosario.com\/tienda\/wp-json\/wp\/v2\/product_cat?post=5810"},{"taxonomy":"product_tag","embeddable":true,"href":"https:\/\/plantamadrerosario.com\/tienda\/wp-json\/wp\/v2\/product_tag?post=5810"}],"curies":[{"name":"wp","href":"https:\/\/api.w.org\/{rel}","templated":true}]}}