{"id":7031,"date":"2023-11-17T01:09:34","date_gmt":"2023-11-17T04:09:34","guid":{"rendered":"https:\/\/plantamadrerosario.com\/tienda\/?post_type=product&#038;p=7031"},"modified":"2025-12-16T11:44:20","modified_gmt":"2025-12-16T14:44:20","slug":"ficus-lyrata-mediano-2","status":"publish","type":"product","link":"https:\/\/plantamadrerosario.com\/tienda\/producto\/ficus-lyrata-mediano-2\/","title":{"rendered":"Ficus Lyrata Mediano"},"content":{"rendered":"<p style=\"text-align: left;\">Conocido por el impacto visual que le da a cualquier espacio interior, el Ficus Lyrata, es sin duda una maravilla y la mejor opci\u00f3n para cualquiera que busque un punto focal en el hogar o en la oficina. Sus hojas anchas e ic\u00f3nicas en forma de viol\u00edn y sus llamativas venas le dieron a esta planta su nombre.<\/p>\n<p style=\"text-align: left;\">Prefieren mucha luz brillante y filtrada. Coloque la planta en un lugar donde pueda recibir sol durante alg\u00fan momento del d\u00eda. En verano, preferiblemente en las primeras horas de la ma\u00f1ana o ultimas de la tarde.<\/p>\n<p style=\"text-align: left;\">Riegue la planta aproximadamente una vez por semana y ajuste la frecuencia cuando la planta muestre signos de riego insuficiente o excesivo.<\/p>\n<p style=\"text-align: left;\">Para fomentar un crecimiento uniforme en todos los lados y mantener la planta en posici\u00f3n vertical, rotela una vez por semana.<\/p>\n<ul>\n<li style=\"text-align: left;\">Originario de \u00c1frica Occidental y Central.<\/li>\n<li style=\"text-align: left;\">Luz: Mejor bajo luz indirecta brillante. Soporta Luz directa del amanecer o atardecer.<\/li>\n<li style=\"text-align: left;\">Riego: permita que la tierra se sequen casi por completo entre riegos.<\/li>\n<li style=\"text-align: left;\">Purificador de aire<\/li>\n<li style=\"text-align: left;\">Toxicidad: Ligeramente t\u00f3xico si se ingiere, la mejor pr\u00e1ctica es mantenerlo fuera del alcance de los ni\u00f1os y las mascotas.<\/li>\n<\/ul>\n","protected":false},"excerpt":{"rendered":"<p><strong>Envase<\/strong><\/p>\n<p>Maceta Soplada 5lts<\/p>\n<p><strong>Altura Aproximada<\/strong><\/p>\n<p>60cm<\/p>\n<p><strong>Importante Saber\u00a0<\/strong>como las plantas son productos naturales., el color, patron y forma pueden variar.<\/p>\n","protected":false},"featured_media":8716,"template":"","meta":{"_acf_changed":false},"product_brand":[],"product_cat":[21,72,74],"product_tag":[],"class_list":{"0":"post-7031","1":"product","2":"type-product","3":"status-publish","4":"has-post-thumbnail","6":"product_cat-interior","7":"product_cat-plantas-de-bajo-mantenimiento","8":"product_cat-plantas-purificadoras","10":"first","11":"instock","12":"taxable","13":"shipping-taxable","14":"purchasable","15":"product-type-simple"},"acf":[],"_links":{"self":[{"href":"https:\/\/plantamadrerosario.com\/tienda\/wp-json\/wp\/v2\/product\/7031","targetHints":{"allow":["GET"]}}],"collection":[{"href":"https:\/\/plantamadrerosario.com\/tienda\/wp-json\/wp\/v2\/product"}],"about":[{"href":"https:\/\/plantamadrerosario.com\/tienda\/wp-json\/wp\/v2\/types\/product"}],"wp:featuredmedia":[{"embeddable":true,"href":"https:\/\/plantamadrerosario.com\/tienda\/wp-json\/wp\/v2\/media\/8716"}],"wp:attachment":[{"href":"https:\/\/plantamadrerosario.com\/tienda\/wp-json\/wp\/v2\/media?parent=7031"}],"wp:term":[{"taxonomy":"product_brand","embeddable":true,"href":"https:\/\/plantamadrerosario.com\/tienda\/wp-json\/wp\/v2\/product_brand?post=7031"},{"taxonomy":"product_cat","embeddable":true,"href":"https:\/\/plantamadrerosario.com\/tienda\/wp-json\/wp\/v2\/product_cat?post=7031"},{"taxonomy":"product_tag","embeddable":true,"href":"https:\/\/plantamadrerosario.com\/tienda\/wp-json\/wp\/v2\/product_tag?post=7031"}],"curies":[{"name":"wp","href":"https:\/\/api.w.org\/{rel}","templated":true}]}}