{"id":7313,"date":"2024-03-09T22:28:24","date_gmt":"2024-03-10T01:28:24","guid":{"rendered":"https:\/\/plantamadrerosario.com\/tienda\/?post_type=product&#038;p=7313"},"modified":"2025-05-06T20:21:03","modified_gmt":"2025-05-06T23:21:03","slug":"tricotrap-fungicida-y-fertilizante","status":"publish","type":"product","link":"https:\/\/plantamadrerosario.com\/tienda\/producto\/tricotrap-fungicida-y-fertilizante\/","title":{"rendered":"TRICOTRAP Fungicida y Fertilizante"},"content":{"rendered":"<ul>\n<li>Producto\u00a0<strong>org\u00e1nico.<\/strong>\u00a0Apto para el cultivo org\u00e1nico.<\/li>\n<li>Totalmente\u00a0<strong>biodegradable y origen natural<\/strong>.<\/li>\n<li>Cepa del\u00a0<strong>INTA<\/strong>. Cepa local,<strong>\u00a0adaptada a al ecosistema nativo<\/strong>, logrando mayor competencia con hongos pat\u00f3genos locales.<\/li>\n<li>Producto\u00a0<strong>liofilizado<\/strong>, lo que genera\u00a0<strong>mayor vida \u00fatil del producto<\/strong>\u00a0y evita contaminaciones del mismo.<\/li>\n<li>Se puede almacenar en heladera, aumentando su vida \u00fatil.<\/li>\n<li><strong>Mayor concentraci\u00f3n<\/strong>\u00a0de trichodermas\u00a0<strong>del mercado<\/strong>\u00a0con m\u00e1s de\u00a0<strong>10 millones de esporas que el resto<\/strong>\u00a0de las trichodermas.<\/li>\n<li>Controla las enfermedades causadas\u00a0<strong>por hongos del suelo.<\/strong><\/li>\n<li><strong>No da\u00f1a<\/strong>\u00a0a la\u00a0<strong>fauna ben\u00e9fica.<\/strong><\/li>\n<li>No es fitot\u00f3xico.<\/li>\n<\/ul>\n<p><strong>TRICOTRAP<\/strong>\u00a0es un formulado biol\u00f3gico a\u00a0<strong>base de conidios<\/strong>\u00a0(esporas del hongo) de\u00a0<em>trichoderma harzianum<\/em>. Es un\u00a0<strong>controlador biol\u00f3gico de fitopat\u00f3genos f\u00fangicos<\/strong>\u00a0tales como Pythium, Fusarium, Phytophthora, Rhizoctonia y Sclerotium entre otros. Posee una alta capacidad reproductiva lo que le permite un\u00a0<strong>r\u00e1pido crecimiento y desarrollo<\/strong>, logrando as\u00ed no s\u00f3lo un\u00a0<strong>eficiente control de pat\u00f3genos<\/strong>\u00a0sino tambi\u00e9n un\u00a0<strong>efecto estimulante del crecimiento vegetal.<\/strong><\/p>\n<h3>Mecanismos de Acci\u00f3n:<\/h3>\n<p>El principal mecanismo de acci\u00f3n de<strong>TRICOTRAP<\/strong>\u00a0para suprimir el efecto de diversos hongos fitopat\u00f3genos\u00a0<strong>es el parasitismo<\/strong>, sin embargo, tambi\u00e9n es capaz de\u00a0<strong>producir y liberar sustancias antibi\u00f3ticas<\/strong>\u00a0que\u00a0<strong>inhiben el crecimiento y la germinaci\u00f3n de hongos indeseables.<\/strong><\/p>\n<p>A su vez\u00a0<strong>TRICOTRAP<\/strong>\u00a0<strong>produce sustancias estimuladoras del crecimiento y desarrollo de las plantas.<\/strong>\u00a0Estas sustancias act\u00faan como catalizadores o aceleradores de los tejidos meristem\u00e1ticos primarios en las partes j\u00f3venes,\u00a0<strong>acelerando su reproducci\u00f3n celular y logrando que las plantas alcancen un desarrollo m\u00e1s r\u00e1pido<\/strong>\u00a0en comparaci\u00f3n a aquellas que no han sido tratadas con dicho microorganismo<\/p>\n<div class=\"wpb_text_column\">\n<div class=\"wpb_wrapper\">\n<p>Este producto controla, soluciona y previene las siguientes enfermedades: Fusarium, phytophthora, rhizoctonia, sclerotium, pythium, entre otros.<\/p>\n<\/div>\n<\/div>\n","protected":false},"excerpt":{"rendered":"<ul>\n<li>Principio activo:\u00a0<em>trichoderma harzianum<\/em>\u00a0cepa Th-1\u00a0<strong>INTA<\/strong>\u00a0(1\u00d710<sup>9<\/sup>\u00a0conidios\/gr)<\/li>\n<li>Dosis promedio: 2 grs. o 3 medidas por litro de\u00a0<strong>agua libre de cloro<\/strong>, por riego.<\/li>\n<li>Tratamiento: realizar aplicaciones cada\u00a0<strong>10 a 15 d\u00edas<\/strong>, para la\u00a0<strong>prevenci\u00f3n<\/strong>\u00a0de la aparici\u00f3n\u00a0<strong>de enfermedades\u00a0<\/strong>y promover el crecimiento de la planta<\/li>\n<li>Controla: Fusarium, phytophthora, rhizoctonia, sclerotium, pythium, entre otros\u00a0<strong>hongos del suelo.<\/strong><\/li>\n<li>Presentaci\u00f3n: 30 grs.<\/li>\n<li>Carencia:\u00a0<strong>No presenta.<\/strong><\/li>\n<\/ul>\n","protected":false},"featured_media":7314,"template":"","meta":{"_acf_changed":false},"product_brand":[],"product_cat":[69],"product_tag":[],"class_list":{"0":"post-7313","1":"product","2":"type-product","3":"status-publish","4":"has-post-thumbnail","6":"product_cat-fertilizantes","8":"first","9":"instock","10":"taxable","11":"shipping-taxable","12":"purchasable","13":"product-type-simple"},"acf":[],"_links":{"self":[{"href":"https:\/\/plantamadrerosario.com\/tienda\/wp-json\/wp\/v2\/product\/7313","targetHints":{"allow":["GET"]}}],"collection":[{"href":"https:\/\/plantamadrerosario.com\/tienda\/wp-json\/wp\/v2\/product"}],"about":[{"href":"https:\/\/plantamadrerosario.com\/tienda\/wp-json\/wp\/v2\/types\/product"}],"wp:featuredmedia":[{"embeddable":true,"href":"https:\/\/plantamadrerosario.com\/tienda\/wp-json\/wp\/v2\/media\/7314"}],"wp:attachment":[{"href":"https:\/\/plantamadrerosario.com\/tienda\/wp-json\/wp\/v2\/media?parent=7313"}],"wp:term":[{"taxonomy":"product_brand","embeddable":true,"href":"https:\/\/plantamadrerosario.com\/tienda\/wp-json\/wp\/v2\/product_brand?post=7313"},{"taxonomy":"product_cat","embeddable":true,"href":"https:\/\/plantamadrerosario.com\/tienda\/wp-json\/wp\/v2\/product_cat?post=7313"},{"taxonomy":"product_tag","embeddable":true,"href":"https:\/\/plantamadrerosario.com\/tienda\/wp-json\/wp\/v2\/product_tag?post=7313"}],"curies":[{"name":"wp","href":"https:\/\/api.w.org\/{rel}","templated":true}]}}