{"id":8667,"date":"2025-10-24T15:12:20","date_gmt":"2025-10-24T18:12:20","guid":{"rendered":"https:\/\/plantamadrerosario.com\/tienda\/?post_type=product&#038;p=8667"},"modified":"2025-10-24T15:12:20","modified_gmt":"2025-10-24T18:12:20","slug":"kit-herramientas-para-jardin-con-mangos-de-madera-y-embalaje-plastico-3-pzas","status":"publish","type":"product","link":"https:\/\/plantamadrerosario.com\/tienda\/producto\/kit-herramientas-para-jardin-con-mangos-de-madera-y-embalaje-plastico-3-pzas\/","title":{"rendered":"Kit Herramientas para Jard\u00edn con Mangos de Madera y Embalaje Pl\u00e1stico 3 pzas."},"content":{"rendered":"<p>Para dejar el jard\u00edn impecable se precisan herramientas apropiadas, como \u00e9stas, que componen este excelente conjunto. Ideal para dejar ese rinconcito de la casa perfecto en todos los detalles. Compuesto de 3 piezas livianas y fabricadas con materiales de alta calidad, garantizando un trabajo placentero en medio a la naturaleza.<\/p>\n","protected":false},"excerpt":{"rendered":"<p>Contiene 3 piezas:<\/p>\n<p>1 palita ancha<\/p>\n<p>1 rastrillo 3 dientes<\/p>\n<p>1 tenedor para jard\u00edn 4 dientes<\/p>\n","protected":false},"featured_media":8670,"template":"","meta":{"_acf_changed":false},"product_brand":[],"product_cat":[67],"product_tag":[],"class_list":{"0":"post-8667","1":"product","2":"type-product","3":"status-publish","4":"has-post-thumbnail","6":"product_cat-herramientas","8":"first","9":"instock","10":"taxable","11":"shipping-taxable","12":"purchasable","13":"product-type-simple"},"acf":[],"_links":{"self":[{"href":"https:\/\/plantamadrerosario.com\/tienda\/wp-json\/wp\/v2\/product\/8667","targetHints":{"allow":["GET"]}}],"collection":[{"href":"https:\/\/plantamadrerosario.com\/tienda\/wp-json\/wp\/v2\/product"}],"about":[{"href":"https:\/\/plantamadrerosario.com\/tienda\/wp-json\/wp\/v2\/types\/product"}],"wp:featuredmedia":[{"embeddable":true,"href":"https:\/\/plantamadrerosario.com\/tienda\/wp-json\/wp\/v2\/media\/8670"}],"wp:attachment":[{"href":"https:\/\/plantamadrerosario.com\/tienda\/wp-json\/wp\/v2\/media?parent=8667"}],"wp:term":[{"taxonomy":"product_brand","embeddable":true,"href":"https:\/\/plantamadrerosario.com\/tienda\/wp-json\/wp\/v2\/product_brand?post=8667"},{"taxonomy":"product_cat","embeddable":true,"href":"https:\/\/plantamadrerosario.com\/tienda\/wp-json\/wp\/v2\/product_cat?post=8667"},{"taxonomy":"product_tag","embeddable":true,"href":"https:\/\/plantamadrerosario.com\/tienda\/wp-json\/wp\/v2\/product_tag?post=8667"}],"curies":[{"name":"wp","href":"https:\/\/api.w.org\/{rel}","templated":true}]}}