{"id":8750,"date":"2026-02-24T19:19:08","date_gmt":"2026-02-24T22:19:08","guid":{"rendered":"https:\/\/plantamadrerosario.com\/tienda\/?post_type=product&#038;p=8750"},"modified":"2026-03-08T19:36:45","modified_gmt":"2026-03-08T22:36:45","slug":"amor-natural-y-purificador-tu-helecho-compania-pet-friendly-2","status":"publish","type":"product","link":"https:\/\/plantamadrerosario.com\/tienda\/producto\/amor-natural-y-purificador-tu-helecho-compania-pet-friendly-2\/","title":{"rendered":"\u00a1AMOR NATURAL Y PURIFICADOR! TU HELECHO, COMPA\u00d1\u00cdA PET FRIENDLY"},"content":{"rendered":"<p>\ud83c\udf3f\u00a0\u00bfBuscas un toque de vida, frescura y pureza para tu hogar o rinc\u00f3n de trabajo? \u00a1Te presentamos al majestuoso Helecho! Un cl\u00e1sico indestructible, s\u00edmbolo de longevidad y belleza natural.<\/p>\n<p>\ud83c\udf2c\ufe0f\u00a0Purifica tu Atm\u00f3sfera<br \/>\nLos Helechos son plantas purificadoras del aire. (Fuente: NASA Clean Air Study). Estas plantitas son un gran aliado para renovar tu atm\u00f3sfera, ayudando a limpiar compuestos qu\u00edmicos vol\u00e1tiles, lo cual contribuye a un bienestar mayor para todos. \u00a1Aire m\u00e1s puro para ti y tus seres queridos!\u00a0\ud83d\udc96<\/p>\n<p>\ud83d\udc3e\u00a0Amistad Animal<br \/>\nPara tu tranquilidad, la gran mayor\u00eda de los helechos m\u00e1s conocidos como el Helecho de Boston (Nephrolepis exaltata) son catalogados como no t\u00f3xicos o pet friendly para gatitos y perritos, seg\u00fan la Asociaci\u00f3n Estadounidense para la Prevenci\u00f3n de la Crueldad Animal (ASPCA). (Fuente: ASPCA). \u00a1Paz para ti y tu animal favorito! Aun as\u00ed, si tu mascota tiene la costumbre de morder o consumir hojas, recomendamos vigilarlos o ubicarlos fuera de su alcance.<\/p>\n<p>\ud83d\udc9a\u00a0Cuidados B\u00e1sicos para un Helecho Feliz<br \/>\n* Luz: Aman la luz indirecta. Busca un lugar con claridad, pero sin sol directo, ya que quemar\u00eda sus hojas. Son ideales para rincones con luz tamizada.\u00a0\ud83d\udca1<br \/>\n* Riego: Mant\u00e9n la tierra constantemente h\u00fameda, pero sin encharcar. Si ves las puntas secas, \u00a1necesita m\u00e1s agua! Riega con regularidad, sobre todo en tiempo c\u00e1lido.\u00a0\ud83d\udca7<br \/>\n* Humedad: Es su punto m\u00e1s crucial. Pulveriza sus hojas con agua a diario o ub\u00edcalos en espacios m\u00e1s h\u00famedos como tu ba\u00f1o. \u00a1Aman la Humedad!\u00a0\ud83e\uddd6\u200d\u2640\ufe0f<\/p>\n","protected":false},"excerpt":{"rendered":"<p><strong>Envase\u00a0<\/strong>Bols Pl\u00e1stico: 18cm de di\u00e1metro.<\/p>\n<p><strong>importante Saber<\/strong>\u00a0Como las plantas son productos naturales, la forma, el patron y el color pueden variar.<\/p>\n","protected":false},"featured_media":8754,"template":"","meta":{"_acf_changed":false},"product_brand":[],"product_cat":[21,72,74],"product_tag":[],"class_list":{"0":"post-8750","1":"product","2":"type-product","3":"status-publish","4":"has-post-thumbnail","6":"product_cat-interior","7":"product_cat-plantas-de-bajo-mantenimiento","8":"product_cat-plantas-purificadoras","10":"first","11":"instock","12":"taxable","13":"shipping-taxable","14":"purchasable","15":"product-type-simple"},"acf":[],"_links":{"self":[{"href":"https:\/\/plantamadrerosario.com\/tienda\/wp-json\/wp\/v2\/product\/8750","targetHints":{"allow":["GET"]}}],"collection":[{"href":"https:\/\/plantamadrerosario.com\/tienda\/wp-json\/wp\/v2\/product"}],"about":[{"href":"https:\/\/plantamadrerosario.com\/tienda\/wp-json\/wp\/v2\/types\/product"}],"wp:featuredmedia":[{"embeddable":true,"href":"https:\/\/plantamadrerosario.com\/tienda\/wp-json\/wp\/v2\/media\/8754"}],"wp:attachment":[{"href":"https:\/\/plantamadrerosario.com\/tienda\/wp-json\/wp\/v2\/media?parent=8750"}],"wp:term":[{"taxonomy":"product_brand","embeddable":true,"href":"https:\/\/plantamadrerosario.com\/tienda\/wp-json\/wp\/v2\/product_brand?post=8750"},{"taxonomy":"product_cat","embeddable":true,"href":"https:\/\/plantamadrerosario.com\/tienda\/wp-json\/wp\/v2\/product_cat?post=8750"},{"taxonomy":"product_tag","embeddable":true,"href":"https:\/\/plantamadrerosario.com\/tienda\/wp-json\/wp\/v2\/product_tag?post=8750"}],"curies":[{"name":"wp","href":"https:\/\/api.w.org\/{rel}","templated":true}]}}